ainder when j is divided by 76.
75
Let v = -18130 - -18644. Calculate the remainder when v is divided by 172.
170
Let u = 63 - -27. Suppose -12*h + u = -10*h. What is the remainder when 87 is divided by h?
42
Suppose 0 = -5*m - 3*l + 293, 8*m + 83 = -l + 567. What is the remainder when 379 is divided by m?
13
Let b be 1 + 2554/4 - 4/(-8). Suppose -20*r + 220 + b = 0. What is the remainder when r is divided by 16?
11
Let i be 1 + 42/(-7) - (-8 - -1). Let q(v) = v**2 - v + 12. Calculate the remainder when 376/(-32)*(-6 + i) is divided by q(0).
11
Suppose 3568 = 104*a - 99*a - 3*t, -5*a + 3556 = -t. What is the remainder when a is divided by 41?
13
Let x(t) = -t**3 - 2*t**2 + 8*t + 3. Suppose -5 - 5 = 3*h + j, 0 = 4*h - 4*j + 40. Let p(z) = -116*z - 906. What is the remainder when x(h) is divided by p(-8)?
16
Let t = -537 - -536. What is the remainder when 49 is divided by (4/3 + t)/(17/1530)?
19
Suppose 20165 = 5*v - 260*l + 264*l, 2*v - 4*l = 8066. What is the remainder when v is divided by 2010?
13
Let u = 1318 - 1299. Suppose -6 = -2*v, 353 = q + 4*v + v. What is the remainder when q is divided by u?
15
Suppose -234 - 146 = -k. Let o = k - 359. What is the remainder when 41 is divided by o?
20
Calculate the remainder when (154/308)/((-2)/(-24860)) is divided by 168.
167
Calculate the remainder when 501 is divided by 22*(4/(-16) + -1)*(-6)/15.
6
Let q = 13 - -54. Suppose -4*i + 0*h + q = -3*h, -4*h = -12. Let j(d) = 578*d**2 - 1725*d + 25. What is the remainder when j(3) is divided by i?
14
Let q(z) = -8*z**2 + 45*z + 13. What is the remainder when q(2) is divided by 38/5 + (-16)/(-40)?
7
Let f = -22 - -42. What is the remainder when -3 + 10/5 + 0 - -60 is divided by f?
19
Calculate the remainder when 154 is divided by 195/(-6)*176/(-40).
11
What is the remainder when 502 is divided by 223/3 - (86/6 - 14)?
58
Suppose -4*z + 84 = 12*v - 10*v, -5*v = 20. Let a = -140 + 143. What is the remainder when z is divided by a?
2
Let l(y) = 44*y - 68. Let j be l(-4). Let u = -235 - j. Let p(z) = -4*z - 9. Calculate the remainder when p(-10) is divided by u.
4
Let t = -4221 - -7147. What is the remainder when t is divided by 24?
22
Let g(m) = 208*m + 641. What is the remainder when g(-1) is divided by 11?
4
Suppose 39 = 8*g - 417. Suppose -28 = -59*o + g*o. Calculate the remainder when 97 is divided by o.
13
Suppose -5*u - s = 224, 0*s = -2*u - 3*s - 100. Let l(n) = 23*n + 304. Let v be l(-11). Let a = v + u. Calculate the remainder when 41 is divided by a.
6
Let w = 203 + -202. Calculate the remainder when 5/15*75 + w is divided by 6.
2
Suppose -5*c - 468 = 4*m + 348, c + 4*m + 160 = 0. Calculate the remainder when (-183)/61 - (0 + c) is divided by 33.
29
Suppose 1 + 1 = -x, 0 = 3*d + x + 704. Let r = d + 126. Calculate the remainder when (-1300)/(-18) + 24/r is divided by 19.
15
Suppose 42*b - 41278 - 39992 = 0. Calculate the remainder when b is divided by 240.
15
Let o(h) = h**3 + 9*h**2 + 13*h + 24. Let s(k) = 8*k - 15. Let z be s(-5). Let c = -62 - z. Calculate the remainder when 92 is divided by o(c).
30
Let m(v) = -v**3 - 4*v**2 - 22*v - 66. Calculate the remainder when 1165 is divided by m(-5).
61
Suppose 12 = -4*c - 4*z + 40, c - 6*z = 0. What is the remainder when 172 is divided by c?
4
Let g(m) = -9*m + 23 + 19*m - 3*m - 12*m + 26. Calculate the remainder when g(7) is divided by 11.
3
What is the remainder when 180 is divided by 5272/60 - (-46)/345?
4
Suppose 4 = c, z - 3 + 6 = 3*c. Calculate the remainder when 473 is divided by z.
5
Suppose -54 = -2*r - t, -4*t + 96 = 4*r + t. Calculate the remainder when 403 is divided by r.
26
Suppose -2*q + 21 = -3*c, 0 = -2*q - q - 5*c - 16. Let l(p) = 5*p. Let r(h) = 182*h + 17058. Calculate the remainder when r(-93) is divided by l(q).
12
Let y = 4688 - 4613. What is the remainder when 873 is divided by y?
48
Suppose -7*b + 4*l = -0*l + 199 - 2112, 5*l = -55. Suppose 3*v + 54 = 4*v. What is the remainder when b is divided by v?
51
Suppose 2*z + 3 = h, -4*h - z + 1 = -11. Suppose -2*b = -0*b - 5*j - 100, 3*b - h*j = 168. Calculate the remainder when b/1 + 20/10 is divided by 21.
20
Suppose 19 = -y + 5*r, 2*r - 70 = 3*y - y. Let v = 61 + y. Let d = -13 + v. What is the remainder when 21 is divided by d?
3
Let z(p) = p**3 - 11*p**2 + 29*p - 43. Let x be z(8). Let h(o) = -11*o + 3*o + 2 - 3*o. Calculate the remainder when 104 is divided by h(x).
34
Suppose d - 8 = -j - 4*j, 0 = -3*d - 4*j + 13. Suppose -3*a - 105 = -3*h - 27, d*a - 26 = -h. Calculate the remainder when h is divided by 15.
11
Calculate the remainder when 632 is divided by (70 - 139)*-2*7/6.
149
Suppose 0 = 3*x + 5*v - 300 + 38, -4*x + 361 = -5*v. What is the remainder when 258 is divided by x?
80
What is the remainder when (709600/70)/8 + (-1)/7 is divided by 19?
13
Let f(y) = -9*y**2 + 6*y + 53. Let p(c) = c - 6*c - 52 + 0*c + 8*c**2. Let u(x) = 5*f(x) + 6*p(x). Calculate the remainder when u(9) is divided by 22.
20
Suppose -605*n + 616*n - 1276 = 0. Calculate the remainder when 342 is divided by n.
110
Suppose 0 = -15*i + 1305 + 555. Calculate the remainder when 2363 is divided by i.
7
Suppose 0*m + 1077 = 3*m. What is the remainder when m is divided by (21 + (-41 - -21))*-15*(2 + -8)?
89
Suppose -93*i - l + 72 = -91*i, -181 = -5*i - 3*l. What is the remainder when 464 is divided by i?
9
Suppose -3*i + 5*u + 9 = 0, -4*i + 3*u = -5*i + 3. Suppose -i*h + o + 49 = 0, -4*h = -2*h + 5*o - 10. What is the remainder when 42 is divided by h?
12
Suppose -3*q + 306 = -v - 210, 4*v + 2090 = -q. Let h = 15 - v. Calculate the remainder when h is divided by 20.
17
Let h(m) = 3*m**2 - 30*m - 187. Calculate the remainder when 543 is divided by h(-7).
33
Let m be 6/4*(-40)/(-12). Let x = 1242 - 1041. Calculate the remainder when x is divided by ((-34)/8)/(m/(-20)).
14
Let u = -25400 - -25426. What is the remainder when 232 is divided by u?
24
Let u(b) = -b**3 + 2*b**2 + 2*b + 4. Let v be u(3). Let t(i) = 95*i**2 - 3*i. What is the remainder when 641 is divided by t(v)?
89
Suppose 5*f - 70 = -5*y, 0*y - f = 2*y - 31. What is the remainder when ((-2)/(-4))/((-11)/(-770)) is divided by y?
1
Let n(v) = -v**2 - 21*v + 49. Suppose 45 = -4*m - 47. Let z be n(m). Suppose -i - 6 = z*d, 18 = 2*i - i - 5*d. What is the remainder when i is divided by 2?
1
Let h = 5678 + -5475. Calculate the remainder when h is divided by 193.
10
Suppose 0 = 160*n + 15579 - 49528 - 23651. What is the remainder when 729 is divided by n?
9
Let k be (-21)/6*(-17 - -19). Calculate the remainder when 268 is divided by -12*12/(-18) - k.
13
Suppose -31 = -9*z + 23. Calculate the remainder when ((-399)/z + -4)*(-12)/9 is divided by 20.
14
Let j(x) = 9*x + 1. Calculate the remainder when j(6) is divided by 6 - 1/(4/24*-1).
7
Suppose 3*p + 3*h - 7 = -1, -2*h - 3 = -5*p. Calculate the remainder when 11 is divided by (0 + p + 2)/(9/24).
3
Let j(i) = 2*i**3 + 30*i**2 - 2*i - 29. Let t be j(-15). What is the remainder when 70 is divided by (-12 - -16)*(7 - t)?
22
Suppose -5*o - 3*d = -46 + 14, -5*d + 23 = 4*o. Suppose o*u - 17*u = -120. Calculate the remainder when 42 is divided by u.
6
Let y be (1/1)/2 + (-817)/(-86). Suppose y*p - 13*p + 60 = 0. What is the remainder when 98 is divided by p?
18
Let v = -94 - -30. Let m be (1 + 1 - -2)*v*2. Let f = -349 - m. Calculate the remainder when f is divided by 11.
9
Let d = 828 - 810. Calculate the remainder when 61 is divided by ((-128)/6)/(d/(-27)).
29
Suppose -21*y = -20*y - 95. Let v = 151 - y. Let p = -24 + v. What is the remainder when p is divided by 17?
15
Suppose -26*y = 3622 + 1838. Let c = -198 - y. Calculate the remainder when 19 is divided by c.
7
Suppose -d = 456 - 744. Calculate the remainder when d is divided by 23.
12
Let k = 6553 - 6388. Calculate the remainder when 4289 is divided by k.
164
Calculate the remainder when 13166 is divided by (-10)/12 - (-9807)/126.
76
Let k(t) = 75623*t + 2*t**2 - 23 + 5 - 75678*t. What is the remainder when k(37) is divided by 98?
97
Suppose 130*x + 48*x = 348702. What is the remainder when x is divided by 18?
15
Suppose -3*i = 4*u - 76 + 11, -3*i + 74 = -5*u. Let g = i - -464. What is the remainder when g is divided by 61?
60
Let v = -202 + 109. Let w = v + 118. What is the remainder when 47 is divide